 of d(-7)?
5
Let o(m) = 50*m + 161. Let l(h) = -49*h - 162. Let x(q) = 2*l(q) + 3*o(q). What is the units digit of x(12)?
3
Suppose 3*m - 33284 = -4*o, -44420 = -155*m + 151*m + 5*o. What is the thousands digit of m?
1
Suppose 0 = -s - 203 + 2456. Suppose 5*m - s = 1722. Suppose -10*z - m = -15*z. What is the units digit of z?
9
Let r(v) = 2*v**2 - 11*v - 2. Let d be r(10). Let t = d + -162. Let j = -52 - t. What is the units digit of j?
2
Let n = 39 + -18. Let i be (-87)/7 - ((-51)/n + 2). Let y = 79 + i. What is the units digit of y?
7
Let n be 2/(-11) - 40/(-220). Suppose r = -i, n = -4*r + 10 - 30. What is the tens digit of (22/5)/(i/50)?
4
Suppose 4*m = r + 22323, -9*m + 6*m = -2*r - 16736. What is the units digit of m?
2
Let i(b) = 43*b**3 - 3*b**2 + 2. Let v(a) = -a**3 + 24*a**2 - 23*a + 2. Let u be v(23). What is the units digit of i(u)?
4
Let r = 91861 - 47669. What is the ten thousands digit of r?
4
Suppose -4*f = 4 + 12, -3*g + 26004 = -3*f. Suppose 17*x + g = 29*x. What is the units digit of x?
2
Suppose 0*y + 2*g = 4*y - 70, -82 = -4*y - 2*g. Let b(l) = l**3 - 19*l**2 - 2*l + 43. Let v be b(y). What is the units digit of 118/8 + 1 + v/20?
6
Let w(n) = 6*n**3 + 4*n - 6. Let p be w(2). Suppose p = 2*k - 44. Suppose -k - 35 = -2*l. What is the tens digit of l?
4
Suppose g = -2*r + 4*g + 12616, 0 = g + 2. What is the units digit of r?
5
Let k be 4/((-16)/12) + 7. Suppose k*j + 3*t - 1499 = -294, -5*t = -4*j + 1245. Suppose 4*o - j = -3*i, -2*i - 206 = -3*o + 27. What is the tens digit of o?
7
Suppose j + 3*j = -16, -3*s + 179 = j. Let v be (4 - 6)/(1/s) + 3. What is the units digit of v/(2/(-4)*8/4)?
9
Let s(g) = -19*g**3 + 4*g**2 + 121*g + 897. What is the tens digit of s(-7)?
6
Let s be 24/(-14) + 20/(-70) - -4. Suppose -5*y = -5, r - 38 = 3*y - s*y. What is the units digit of r?
9
Suppose -119185 = -35*n - 13789 + 249889. What is the thousands digit of n?
0
Let j be 37*(-2 + (-4 - -24) - 3). What is the units digit of (j/(-50))/(2/(-4))*10?
2
Suppose 0 = -5*y + 5*k + 21010, -60*k - 8439 = -2*y - 65*k. What is the tens digit of y?
0
Let l be ((-4192)/(-6))/(34/3825). What is the tens digit of l/320 + (-6)/(-16)?
4
Suppose -3*u + 11548 + 15582 = 1696. What is the units digit of u?
8
Let z = -12076 + 55988. What is the tens digit of z?
1
Let m(k) = 77*k**2 - 41*k - 377. What is the thousands digit of m(-9)?
6
Let t = 272 - -705. Suppose 179 = -2*f + t. What is the hundreds digit of f?
3
What is the hundreds digit of (-14 - 3284)*((-62)/4 + 3)?
2
Let g(t) = 1234*t**2 - 1761*t - 9. What is the hundreds digit of g(4)?
6
Let m(t) be the third derivative of -13/12*t**4 - 7/3*t**3 + 24*t**2 + 0*t + 0. What is the units digit of m(-6)?
2
Let m(g) = g**2 - 8*g - 8. Let t be m(9). Suppose 2*r = 3 + t. Suppose -r*v + 216 = v. What is the tens digit of v?
7
Let w(k) = k**3 + 4*k**2 + 5*k - 2. Let i be w(-3). What is the units digit of 236*1/(-6)*24/i?
8
Suppose m - 2*f = -4*f, 3*f + 9 = 3*m. What is the units digit of (m/4)/((-20)/(-19920))?
8
Let x = -10443 + 18122. What is the hundreds digit of x?
6
Let z(s) = 65*s**2 + 66*s - 122. What is the hundreds digit of z(-10)?
7
Let f = -56006 + 80806. Suppose 4*p - f = -16*p. What is the tens digit of p?
4
Suppose n - 4*s - 548 = -n, 4*s = 4*n - 1096. Suppose 232 + n = 2*x. What is the units digit of x?
3
Let j = -89 + -67. Let p = 422 + j. What is the hundreds digit of p?
2
Let q = 9 - -138. Suppose -q = -28*o + 27*o. Let c = o - 104. What is the tens digit of c?
4
What is the tens digit of 1844*(-4 + 924/48)?
2
Let d(w) = -w**2 - 11*w - 21. Let b = 340 + -348. What is the units digit of d(b)?
3
Suppose -22*y - 14*y = -53*y + 111469. What is the tens digit of y?
5
What is the hundreds digit of (-340145)/(-60) + -5 - ((-545)/(-60) + -9)?
6
Let i(f) = -162*f - 2*f**3 + 29 + 307*f - 53*f**2 - 161*f. Let s(a) = -a**3 - 27*a**2 - 8*a + 15. Let o(j) = 6*i(j) - 11*s(j). What is the tens digit of o(-21)?
7
Suppose 61 = 5*i - 79. Let f be 3/(-12) - 3801/i. What is the tens digit of (-50)/4*f/20?
8
What is the ten thousands digit of 4728200/225 + 7/(441/(-14))?
2
Let y(q) = 20*q**2 + 84*q - 999. What is the units digit of y(20)?
1
Let r(v) = 21*v - 276. Let f(w) = 21*w - 274. Let z(j) = 2*f(j) - 3*r(j). What is the units digit of z(-12)?
2
Suppose 159919 = 246*a - 2710409. What is the ten thousands digit of a?
1
Let t = 652 + -454. Let q = t + 192. Suppose -3*d = 3*w - q, -2 = -d - 7. What is the hundreds digit of w?
1
Let a = 46 + -34. Let r(v) = v**3 + 8*v**2 + 10*v + 10. Let z be r(-7). Let n = z + a. What is the units digit of n?
1
Suppose 103 = -3*k + 4. Let b = 4 - k. Let h = b - 22. What is the tens digit of h?
1
What is the thousands digit of (5569945/855)/(3/27)?
8
Suppose -67 = 5*f - 217. What is the units digit of (-1160)/f*(-12)/4?
6
Let f be 3 + 6/51 + (-424)/136. Suppose 0 = -y - 2*y + 3*a + 1431, f = -2*y - 3*a + 969. What is the hundreds digit of y?
4
Let q(m) = -32*m - 3. Let x be q(-6). Suppose -303 - 1441 = -16*i. Suppose 2*n - i = -3*f, -2*n + 5*n - 4*f - x = 0. What is the units digit of n?
9
Suppose -643*l = -626*l - 781099. What is the hundreds digit of l?
9
Suppose 9*l - 5*q = 11*l - 14687, -2*q = -l + 7339. What is the tens digit of l?
4
Let m be (-3 - -3 - -3) + 0. Suppose m*n - 10 - 5 = 0. What is the units digit of (-1 + 1 - 1) + n?
4
Suppose 5*b + 35625 = -1057*s + 1059*s, s - 4*b = 17808. What is the units digit of s?
0
Let k be (-10)/45 - (-654)/27. What is the tens digit of 22/((k/(-9))/4 + 1)?
6
Let m be 3/(-6)*-46 + (0 - 0). Suppose -4*f = 4*c - m + 119, -2*f - 48 = 4*c. What is the units digit of ((-70)/(-15)*-2)/(2/f)?
2
Suppose 0 = -4*a - 2*h - 6, -4*h - 8 = -0*a + 4*a. Let m(i) = -231*i**3 + 3*i**2 + 5*i + 3. What is the units digit of m(a)?
2
Suppose 14381*s - 15446 = 14380*s. What is the thousands digit of s?
5
Let k(u) = 16*u**2 - 7*u - 6. Let o = -27 + 25. Let v(d) = 80*d**2 - 36*d - 29. Let j(p) = o*v(p) + 11*k(p). What is the units digit of j(-2)?
6
What is the units digit of 20*3/24*-2*-79?
5
Suppose 685*v - 5*t + 34 = 684*v, 4*v + 2*t + 180 = 0. Suppose -4*s = 2*r + 10, 3*r - 3*s + 42 = -0*r. What is the hundreds digit of (-2)/r + (-9584)/v + 6?
2
Suppose 1812*b = 3598*b - 1813*b + 1465290. What is the units digit of b?
0
What is the tens digit of ((-1 + 2)*162141/84)/(1/4)?
2
Let b = -9 - -5. Let k be (-12)/8 - (-2)/b. What is the units digit of (-109)/k + (-1)/(-2)?
5
Suppose -13*s + 4*s = 2*z - 69324, -s + 5*z = -7687. What is the units digit of s?
2
Suppose r + 25*s - 7575 = 24*s, 0 = 4*r + 3*s - 30294. What is the units digit of r?
9
Let y = 4252 - 2347. What is the tens digit of y?
0
Let y = 270 - 284. Let r(u) = -3*u + 8. What is the tens digit of r(y)?
5
What is the units digit of -1 + 3 + (-1066420)/(-36) - (-24)/108?
5
Let n = 194 - 190. Suppose 378 = a + 4*m, 6*a - 1858 = a - n*m. What is the hundreds digit of a?
3
Let q(k) = -k**2 - k + 5. Let s be q(0). Suppose 2*t = -3*x, -s*x + 3*t = -2*t + 25. What is the hundreds digit of 5/(-25) + 531/5 + x?
1
Suppose -37*o + 52*o = 120150. Suppose -20*t + 10*t + o = 0. What is the units digit of t?
1
Let l(j) = -49*j - 38. Let t be 308/(-42) - (-3)/9. What is the units digit of l(t)?
5
Let w(y) = -4*y**2 - 46*y + 10. Let a be w(-5). Let k = 110 + a. What is the units digit of k?
0
Suppose 97720 = -26*z + 31*z. Suppose 0 = 51*t + 5*t - z. What is the units digit of t?
9
Let v(g) = 28*g**3 - 47*g**2 + 42*g - 54. What is the units digit of v(12)?
6
Suppose -5*c + 180 = -4*f - 4*c, -80 = 2*f + 2*c. Suppose 3*a = -3*u + 453, -90*a = -u - 93*a + 155. Let d = u + f. What is the units digit of d?
5
Let z be 4/10 - (-77140)/25. Suppose 5*d - 4*k - 3197 = 1957, -z = -3*d + 4*k. What is the hundreds digit of d?
0
Suppose 5 = -3*j - 3*p + 2, -3*p = j + 5. Let u = -2 - j. What is the hundreds digit of u + 2/(4/274)?
1
Suppose 2*p - 8864 = -2*w, 25*w = 30*w + 4*p - 22156. What is the tens digit of w?
2
Suppose 0 = -2*v - m - 552, 2*v + 2*v + 4*m = -1112. Let g be 3/(-6) - 17*v/4. Suppose g = 9*l + 3*l. What is the tens digit of l?
9
Let f be (-52 - -47)/(2/(-1486)). Suppose -14*i = -f - 247. What is the hundreds digit of i?
2
Suppose -96424 = -4*w - 4*i, 99789 = 5*w + 2*i - 20747. What is the units digit of w?
8
Suppose 